vative of -k - 7/2*z**2 - z. Calculate o(-1).
6
Let l(m) = 8*m - 77. Let s be 7/(-3)*18/(-45)*60/8. Determine l(s).
-21
Suppose 409 = -80*y + 9. Let n(s) = -7*s - 16. Give n(y).
19
Let i = -26849 - -26868. Let y(z) = z + 7. Calculate y(i).
26
Suppose -3*r = -s - 5, 8*s - r + 7 = 5*s. Let o be 4*(s - 7/((-70)/15)). Let i(g) = 3*g**3 + 3*g**2 - 2. Calculate i(o).
-14
Suppose 3*c - 2*c - 5*j - 18 = 0, -21 = -4*c + 3*j. Let l(i) = -4*i**2 - 1313*i**3 + 3*i - c*i + 1312*i**3 + 6. Let g be l(-3). Let h(r) = 3*r - 4. Give h(g).
-13
Let g(y) be the third derivative of y**6/360 + 7*y**5/120 + 3*y**4/8 - 2*y**3/3 + y**2 + 29*y. Let o(j) be the first derivative of g(j). Calculate o(-6).
3
Suppose 5984*b + 18 = 5987*b. Let g(n) = n**3 - 6*n**2 + 2*n - 12. Give g(b).
0
Let u(c) = -1. Let a(s) = s**2 + 4*s - 3. Let d(x) = a(x) + 3*u(x). Let l(v) = -6*v + 41. Let g be l(8). Calculate d(g).
15
Let a(z) be the third derivative of -z**5/60 - z**4/2 + 4*z**3 - 1899*z**2. Calculate a(-12).
24
Let d(r) = -96*r**3 - 52*r**2 - 108*r - 23. Let z(s) = 23*s**3 + 13*s**2 + 26*s + 6. Let y(u) = -6*d(u) - 25*z(u). Determine y(13).
-38
Let f(b) = -107*b - 41. Let s be f(2). Let u = 247 + s. Let r(h) = -7*h - 33. Let v(l) = -4*l - 17. Let p(g) = -3*r(g) + 5*v(g). Calculate p(u).
6
Let l = 11 - 6. Let o(u) be the second derivative of u**3/2 - 11*u**2/2 + 17*u - 4. What is o(l)?
4
Let s = -2846 + 2845. Let o(x) = -31*x**2 - x - 2. Determine o(s).
-32
Let p(q) be the first derivative of q**2/2 + 20*q - 1023. What is p(-14)?
6
Let o(z) be the second derivative of -5*z**3/6 + 27*z**2 + 47*z - 2. Give o(10).
4
Let j(n) = n**2 + 13*n + 48. Let q be (2 + -12 + 11)/(1/(-4)). Give j(q).
12
Let u(x) be the second derivative of 1/12*x**4 - 7/6*x**3 + 74*x + 3/2*x**2 + 0. Calculate u(8).
11
Let l(t) = -125*t**3 + 19*t**2 + 44*t + 103. Let v(c) = 28*c**3 - 5*c**2 - 11*c - 25. Let w(m) = -2*l(m) - 9*v(m). Calculate w(5).
-1
Let s(p) = 45*p - 23*p + 6 - 10 - 28*p. Let g(t) = t + 1. Let q(d) = 9*g(d) + 2*s(d). Give q(8).
-23
Let y(p) = p**3 - p**2 - p - 5. Let l = -18 + 560. Let k = 545 - l. What is y(k)?
10
Let a(p) = 2*p - 2. Suppose -1311 = -30*s + 9. Suppose -100*d + s = -89*d. What is a(d)?
6
Let j(l) = -l**3 + 4*l**2. Let f = -153 + 155. Suppose -8*z = -f*z - 18. Determine j(z).
9
Suppose 2*a - 10 = -3*a. Let w(b) = -b - b - 25*b**2 + 8*b**2 + 14*b**2 + 9*b**2. Calculate w(a).
20
Suppose 57*w - 40*w - 146 = 90*w. Let l(j) = -2 + 2*j**3 - j**3 + 2*j**2 + 3. Determine l(w).
1
Let n(v) = -3*v + 12. Let b be n(3). Let s(y) = -4 + 0*y + b - 5*y - y. Suppose 7 = -4*t + 19. What is s(t)?
-19
Suppose -15*r = -76 - 29. Let n(i) = 0*i**2 + r*i + 20 + i**2 + 24 - 57. Calculate n(-9).
5
Let z(l) be the second derivative of l**5/10 - l**4/12 + l**3/2 - l**2 + 2*l - 826. Give z(2).
16
Let f(s) = -15*s**2 + 3*s**3 + 23*s + 10*s**3 + 50 - 9*s**3 - 11*s**2 - 3*s**3. Give f(25).
0
Suppose -2*w + 5*w + 21 = -3*z, 4*z - 8 = 2*w. Let k(l) = 36*l + 271*l - 165*l - 141*l + 7. Give k(w).
1
Let o(r) = -3464 + 2*r**2 + 1149 - r + 1157 + 111*r**3 + 1156. What is o(-1)?
-110
Let b(i) = -625*i - 3129. Let v be b(-5). Let f(t) = -t**3 - 6*t**2 - 9*t + 10. Give f(v).
14
Let v(l) be the second derivative of -l**4/12 - 5*l**3/6 + 19*l**2/2 + 190*l. Determine v(-8).
-5
Let d(i) be the first derivative of 10*i**2 + 2*i - 2488. What is d(-4)?
-78
Let j(n) be the first derivative of 4*n**2 + 4*n - 2607. Calculate j(-2).
-12
Let g(h) = h + 3. Let l be g(1). Let f(d) = d + 2. Let x be f(l). Let n(u) = 5*u - 5. Let c(t) = -9*t + 10. Let w(b) = 6*c(b) + 11*n(b). Calculate w(x).
11
Let p be (-576)/(-30) + 3/(-15)*1. Let w(k) = k**3 - 17*k**2 - 39*k + 18. Let c be w(p). Let y(a) = -a**3 - a**2 - 2*a - 1. What is y(c)?
1
Let r(p) be the first derivative of -p**4/4 - 5*p**3/3 + p**2/2 - 7*p + 2. Let b be ((40/(-12))/5)/((-2)/(-18)). Determine r(b).
23
Let u(n) = n**2 + 15*n - 18. Suppose -17*i + 11*i = 19*i + 225. Determine u(i).
-72
Let i(b) = -677 + 347 + 2*b + b + 349 - 5*b. Determine i(7).
5
Let u(g) = g. Let v(k) = k**3 + 9*k**2 - 5*k + 4. Let s(p) = 5*u(p) - v(p). Let l = 28289 + -28299. Determine s(l).
-4
Let r = 3736 + -3731. Let x(v) = -2*v + 15. Give x(r).
5
Let x(g) be the third derivative of -g**8/10080 - g**7/1680 + g**6/720 - g**5/60 - g**4/2 + 25*g**2. Let f(b) be the third derivative of x(b). Calculate f(-3).
-8
Let x(f) = 3*f - 20. Let d be x(8). Let z(a) = -3 + d*a - 5*a - 7 + 2. Suppose 0*y = 5*y. Give z(y).
-8
Let y(z) = -4*z**3 - 25*z**2 - 34*z - 105. Let m(f) = 11*f**3 + 74*f**2 + 99*f + 317. Let o(t) = 3*m(t) + 8*y(t). Calculate o(-21).
27
Let c(v) = -2*v**3 - 32*v**2 - 29*v + 1. Let m(h) = -49*h + 622. Let z be m(13). Calculate c(z).
-14
Let j(z) = 10 - 268*z**2 - 12*z - 2*z + 272*z**2 + 3*z + 9. What is j(5)?
64
Let d(t) = -2*t**3 - 3*t**2 - 2*t - 2. Suppose 1 = -h - 5*f, -5*f - 75 = 5*h - 90. Suppose -3*j - 4*y = 18, -j - h*y - 3 - 11 = 0. Give d(j).
6
Let d(z) = 50*z + 2 - 16*z - z**2 - 18*z - 19*z. Let q(t) = -t + 31. Let m be q(26). Suppose -2*k - p = -3*p + 8, 20 = -m*k - 5*p. Determine d(k).
-2
Let w(s) = -10*s + 2. Let p be 2/17 - (-783)/(-153). Let d(a) = -9*a + 1. Let u(j) = p*d(j) + 4*w(j). Let z be (2*-1)/(2/3). What is u(z)?
-12
Let t(m) = m**2 + 22*m - 3. Suppose -4*x - 98 = -p, 2*x - 1611*p + 76 = -1606*p. What is t(x)?
20
Let x(z) = -z**2 - 3*z - 1. Let a(g) be the first derivative of g**4/4 - 5*g**3/3 + 5*g**2 - 30*g - 5. Let p be a(4). Give x(p).
-19
Let z be 48/(-10)*15/6. Let p(o) = o**3 + 11*o**2 - 12*o - 4. Determine p(z).
-4
Let g(p) = 2*p**2 + 1 - 10*p + 3*p**2 - 3 - 9. Let i(r) = -r**2 + r + 1. Let b(t) = -g(t) - 4*i(t). Let m be 11 - ((-5 - -17) + -7). Calculate b(m).
7
Let h(u) be the third derivative of -u**4/12 - 7*u**3/3 - u**2 + 28*u - 476. Let o = -26 + 17. Determine h(o).
4
Let u(s) = 502 + 21*s + 8*s - 327 - 7*s - 261 + s**2. What is u(-25)?
-11
Suppose 5*c + 5 = -0*c + 3*l, l = 5*c - 5. Let v(a) = -14 + 4*a - 2*a**2 - a**3 - a + 13. Calculate v(c).
-11
Suppose 5*n - 151 = 2*y, -9*n - 146 = 2*y - 13*n. Let x = 28 - -38. Let t = x + y. Let h(o) = o**3 - 4*o**2 + 2*o + 4. Determine h(t).
1
Let l(m) = -m**2 + 26*m + 33. Let z be l(27). Let q be -4*(-3 - (2 - z))/(-2). Let p(x) = 3*x + 1. Determine p(q).
7
Let m(x) = 2*x + 15. Suppose -507 = -5*f - 542. Calculate m(f).
1
Let g(m) = -4*m**3 - 6*m**2 + 17*m - 5. Let i = 394 + -392. Let b(n) = n**3 + 2*n**2 - 4*n + 1. Let y(t) = i*g(t) + 9*b(t). What is y(-6)?
11
Let o = 21006 - 21014. Let n(w) = -w**2 - 14*w - 44. Calculate n(o).
4
Let r(t) = -t**3 + 4*t**2 - 2*t. Let s(f) = -6*f - 42. Let p be s(-11). Let g = p - 21. Suppose -12 = l + g*z, 0*l + z - 7 = -4*l. Calculate r(l).
3
Let n(m) = m**3 + 25*m**2 - 25*m + 43. Let b be (-1 + 27)/(5/(-10)*2*1). Give n(b).
17
Suppose -x = -3*c - 5, 3*x + 0*x + c + 5 = 0. Let v(o) = 5*o**2 - 3*o - 2. Let r be v(x). Let d(l) = -r + 8 + 4 - 2*l - 3 - 3*l**2. What is d(-3)?
-18
Let i(s) = -19*s**3 - 14*s**3 + 97 - 32*s**2 + 58*s**3 - 17*s**3 + 36*s - 9*s**3. What is i(-33)?
-2
Let d(p) = 161*p + 26887. Let i be d(-167). Let w(l) be the first derivative of -l**2/2 - 2*l + 1. Give w(i).
-2
Suppose 4 = l - 2*y, l - 1 - 31 = -5*y. Let a(c) = -l*c + 2*c - c**2 + 3*c + 8*c - 8. Determine a(0).
-8
Let h(j) be the second derivative of -j**3/3 + 2*j**2 - 11*j + 150. Let a = 4 - 10. Give h(a).
16
Suppose 10*a = -24*a + 374. Suppose -3*q + c = -9 - 0, c = -2*q + a. Let s(p) = -p**2 + 5*p - 6. Calculate s(q).
-2
Let m(t) = 3*t + 1. Let s(f) = -f**2 - 1. Let d(r) = -5*r**2 + 10*r + 8. Let z(a) = -d(a) + 3*s(a). Let h be (0 - 7)*(40/(-14) - -2). Let l be z(h). Give m(l).
4
Let y(g) be the third derivative of -g**7/315 - g**6/720 - 7*g**5/5 + 2*g**2 + 145. Let i(r) be the third derivative of y(r). Determine i(-1).
15
Let o(l) = 7*l + 14. Suppose 925*c - 904*c = 294. Give o(c).
112
Let z(m) = m - 1. Let l be z(7). Let n(i) = 10*i**3 - 10*i**2 - 7*i**3 - 5*i**3 + 3*i + l. Let a be n(-5). Let s(v) = v**2 + 8*v - 12. What is s(a)?
-3
Let n be (-4)/(-6)*(-153)/(-6). Suppose 4*q - 35 = n. Suppose -1 = 3*a - q. Let u(c) = c**3 - 5*c**2 + 4*c + 3. Determine u(a).
3
Let u be 1 + -3 + 3 + 7. Let b(a) = a**2 - 2*a + 0*a**3 - 3 + 9*a - u*a - 3*a**2 - a**3. Calculate b(-3).
9
Let r(l) be the third derivative of l**5/